q + f - 1. Is (-34 + q)*(-1537)/(-6) a prime number?
False
Let p(t) = t**3 + 9*t**2 - 6*t. Let q be p(-10). Let y = q + -134. Let c = y - -493. Is c a prime number?
False
Suppose 8*y - 15 - 1 = 0. Suppose -y*w + 7 = 5*k - 26, 10 = 2*k. Is (-1)/w - (-16158)/(-48)*-2 a prime number?
True
Let z(l) = -173*l - 1297. Is z(-40) a composite number?
False
Let y(b) = 13*b**2 + 6*b - 27. Let f be y(3). Is 36/f - 6950/(-3) composite?
True
Let k(h) = 304*h**2 - h - 1. Let u be k(-3). Let w be u + 8 + 12/(-3). Suppose 13*y + w = 19*y. Is y a composite number?
False
Is 394142 - 8/(-32)*-96 a prime number?
False
Suppose -4*i = 2*z - 80662, -4*z + 60*i + 161312 = 65*i. Is z prime?
False
Let s(w) = 351*w + 56. Let v be s(9). Suppose -8*y + 3465 = -v. Is y a composite number?
True
Let h(c) be the first derivative of -3/2*c**2 + 32 - 2*c + 992/3*c**3. Is h(-1) composite?
True
Is 6/(-33) - (6/11 + (-34592730)/418) a prime number?
True
Let n be (37436/42)/(1/3). Is (n - 11)*(-10)/(-2) a composite number?
True
Let b = -603 + 564. Is (-3941 + b)*1/(-4) prime?
False
Suppose 176 = -5*r - 5*c - 29, -3*c + 136 = -4*r. Is r/(-2)*(1 - 6 - -823) composite?
True
Suppose -3*k - 618*g = -616*g - 64951, 0 = g - 5. Is k composite?
False
Let o(s) = 18*s**2 + 6*s + 17 + s**3 - 18*s + 0*s**3. Suppose -j + 484 = 500. Is o(j) a composite number?
True
Let x(y) = 9*y - 1. Let m be x(1). Suppose 2*r - m = -2*r. Suppose 1876 = 4*l - r*g, l - g - 3*g = 455. Is l composite?
True
Let s(g) = -549*g - 62. Is s(-21) composite?
False
Let x(s) = 16*s**2 - 27*s - 30. Let d(b) = 9*b - 165. Let j be d(16). Is x(j) composite?
True
Let k(n) = -n**2 + 3*n + 5. Let v be k(3). Let h(t) = 230*t - 33. Is h(v) composite?
False
Suppose b + 2*m + m - 67 = 0, -2*m = -b + 92. Suppose -2*p + 1496 + b = 0. Is p a prime number?
False
Let q = 58 - 44. Let y be q/(-3)*(8 + -44). Suppose -3*t + y = 3*l, -2*t + 256 = 5*l - 5*t. Is l a prime number?
True
Let m(a) = -40*a**3 + 7*a**2 + 2*a + 8. Let n be m(-2). Let c(d) = -20*d**3 + 3*d**2 + 3*d - 3. Let i be c(-3). Let h = i - n. Is h composite?
True
Let k(t) = 5923*t**2 - 521*t + 1. Is k(-6) prime?
False
Is 1/((-1)/234458)*(-24)/48 composite?
True
Let f(m) = -m**3 + 2*m**2 + 4*m + 4049. Suppose 5*x - 15 = 0, -3*x + 9 = -7*n + 5*n. Is f(n) a prime number?
True
Let f(v) = 3111*v**3 - 9*v**2 + 2*v + 5. Is f(2) a prime number?
False
Let k(x) be the third derivative of 19*x**4/8 + 5*x**3/2 - 3*x**2. Suppose 2*u - 12 - 12 = 0. Is k(u) composite?
True
Let j(a) = 11*a**2 + 24*a - 22. Let p = 103 - 93. Suppose 10 + p = 2*y. Is j(y) a prime number?
False
Let q = 5617 + -1503. Suppose q = -17*g + 59551. Is g composite?
True
Let q(m) = 29653*m + 225. Is q(2) a prime number?
False
Let w be -4*(5 - (-4375)/(-10)). Suppose 4*a - w - 1074 = 0. Is a a prime number?
True
Let a = -3858 - -8206. Suppose 4*d - 295 = x - 2464, 2*x + 2*d - a = 0. Is x a composite number?
True
Suppose 3*w - 2358 = -10911. Let l = -1490 - w. Is l a prime number?
True
Let q(h) = -1074*h - 12. Let g be q(-2). Let c = g + -1463. Is c prime?
True
Let u(i) = -7*i - 3. Let x be u(-5). Suppose x*h - 3325 = 25*h. Suppose h = -6*m + 5701. Is m prime?
False
Suppose -12 = -4*h, -13*r - h + 82329 = -11*r. Is r a composite number?
True
Is 54 + -68 - (-3505 + 0) a prime number?
True
Suppose 3*f = -4 + 19. Let g be (f - (1 - -1 - -1))*1. Suppose -4*h = 0, -16885 = -5*p + 3*h - g*h. Is p a prime number?
False
Suppose 0 = -4*f + 2786 + 178. Suppose -u - f = -2*w + 1782, 5*w = 4*u + 6306. Is w a composite number?
True
Let m be 15/(-3)*(-3 + -2 - -2). Suppose m*y = 3*y + 72. Is (-1)/(y/(-54486)*3) a prime number?
False
Let v be (-9 - -63)/(-6) - -9. Suppose 0 = -4*k + 8*k - 12. Suppose v = 2*y + 4, -k*f = 3*y + 928 - 3553. Is f a composite number?
False
Let y = -120 - -124. Suppose 5*d + 5*s + 20 = 0, -y = 3*d - 2*s + 8. Is (d - (3 - 6))*-1041 a composite number?
True
Suppose -o - 3*s = -17695, 25*s = 27*s + 8. Is o a prime number?
True
Let v(d) = d + 1. Let n be v(-1). Suppose 4*r + 21 = -5*a, n*r - 5*r = 2*a + 22. Let g(t) = -11*t + 8. Is g(a) composite?
False
Let s = 6364 - -3125. Suppose -b + 746 = 2*o - 3052, s = 5*o + b. Is o composite?
True
Let b = 621512 + -286251. Is b a prime number?
True
Suppose -4*x - 3*f = -5, -14 = 11*x - 16*x + 4*f. Suppose 5*t + b = t + 15121, -x*t + b + 7565 = 0. Is t composite?
True
Is (-35)/((-3325)/3228746) - (-1)/5 prime?
False
Let w = -4789 - -9606. Is w a prime number?
True
Let k = -189042 - -275225. Is k a prime number?
True
Suppose 0 = -4*d + 31 - 35. Let q(v) = v**3 + 5*v**2 - 7*v - 7. Let y be q(-6). Is y + 190 + ((-2)/d - 4) a prime number?
False
Suppose -19 = 31*t - 81. Suppose -3*j - 42241 = -4*b + t*j, 4*j = -4*b + 42232. Is b a composite number?
False
Let p(w) = -906*w**3 - 3*w**2 - 7*w - 7. Is p(-3) prime?
False
Let t = -33 - -35. Suppose 4*p = -2*a - t*a + 76, -5*a = -4*p - 50. Suppose a*k - 16*k = -1778. Is k a prime number?
False
Let d(o) = 170*o - 336. Let i be d(2). Suppose 4190 = -2*k + 3*c, 5*k - 2*c + 10462 = -c. Is 2*(k/(-8) + i - 1) composite?
True
Let m = 1158159 + -606142. Is m a prime number?
False
Let p be (1874*3)/((-24)/16). Is (2/6*3)/((-4)/p) prime?
True
Suppose -5*u - 880 = 6*o - 11*o, -5*o + 868 = u. Suppose -j = -2029 - o. Is j composite?
False
Let d(p) = 35*p - 161. Let k be d(5). Suppose 931121 = k*g + 12763. Is g prime?
False
Let g(o) = 3*o**2 - 2*o + 4. Let n(f) = -f**3 + 5*f**2 - 7*f + 10. Let k(b) = -5*g(b) + 2*n(b). Suppose -2*y - 4*u - 14 = 8, 9 = -3*y + 2*u. Is k(y) composite?
True
Let x(o) = -o**3 - 4*o**2 + 3. Let q be x(-3). Let a(i) = -1 - i - 2*i - 2*i + 8*i**2. Is a(q) a composite number?
False
Let i = 1565608 - 839195. Is i prime?
True
Suppose s + 44 = 37. Let c(n) = -266*n - 129. Is c(s) a composite number?
False
Let f(i) = -8*i - 125. Let w be f(-16). Suppose 4*h + 7809 = a, 0 = 3*a - a - w*h - 15593. Is a composite?
False
Let c(z) = -84*z + 718. Let f be c(-10). Suppose -5*h - 2*w = -5*w - 17, 4*h - 17 = -w. Suppose -2*v - f = -h*v. Is v prime?
False
Let u = -30543 - -43612. Is u composite?
True
Let l = 121272 + 21235. Is l a composite number?
True
Let b(h) = -h**2 + 14*h - 29. Let p be b(8). Suppose p*i + 19352 = 100501. Is i prime?
True
Let o = 1312 - 119. Let y = 2478 - o. Is y composite?
True
Let f = 248 - -17129. Is f a composite number?
False
Let g be -6 + 1 + 1 - (1 - 5). Suppose g = -9*w - 5675 + 18104. Is w a composite number?
False
Let z(h) = -h - 1. Let i(b) = 69*b - 6. Let t(m) = -i(m) - 2*z(m). Let k(w) = -3*w**2 - 1. Let y be k(-2). Is t(y) prime?
False
Suppose 2*v - 4 = -2*c, 5*v - 4*c = 33 + 4. Suppose -3*t - 2*r + 1617 = 0, 932 - 3643 = -v*t + 2*r. Is t a composite number?
False
Suppose 0 = 5*u - 2*j - 8459, 3*j + 1553 + 5210 = 4*u. Is u a prime number?
True
Suppose v - 74 = -4*q + 2*q, 0 = -5*q + v + 171. Suppose -30*r - 1865 = -q*r. Is r a prime number?
True
Let k be 528/21 + -4 - (-4)/(-28). Suppose 0 = -33*u - k*u + 347382. Is u a prime number?
False
Suppose 3*o = 5*i - 15 - 34, -2*i + 10 = 0. Let m(l) = 5096 - 64*l**2 - 5083 + 81*l**2 + 4*l. Is m(o) a composite number?
False
Suppose -37*z + 39*z - 21120 = 0. Let t = 6307 - z. Let h = t + 6712. Is h prime?
True
Let f(u) = -10*u - 42 - 43 + 84. Let l be f(-1). Suppose -75 = -l*g + 2796. Is g a composite number?
True
Let j(a) = -a**3 - 7*a**2 - a - 3. Let m be j(-7). Suppose -4*q + z = m*z + 31, -q = 2*z + 4. Is 9/(-15) - 5936/q a prime number?
True
Let z = 60470 + -25693. Is z composite?
True
Suppose 3*k - 39*v + 36*v - 503379 = 0, 0 = 4*k - 2*v - 671188. Is k a prime number?
True
Is -3*(-20)/(-36)*(-28683036)/60 prime?
True
Is 1 + -12 + (83342 - 32) composite?
False
Let y(x) = 104*x**2 + 10*x - 26. Let r be y(7). Is (-4)/(-20) + r/50 prime?
True
Let t(d) = 327*d**2 - 321*d - 8489. Is t(-29) composite?
False
Is (-21)/(-35) - 1 - (1 + (-11760324)/10) composite?
False
Suppose -1616 = 5*j + 1349. Let l = j - -4746. Is l composite?
False
Suppose 96331 = 9*m - 46211. Is m*(1/3)/((-22)/(-33)) a prime number?
True
Let j(x) = -776*x + 34. Let g be j(-1). Is (g - 1)*(47 - 40) a composite number?
True
Suppose -5*l + 4*y = -134509, 2*l - 6*l + 107604 = -4*y. Suppose -14*c + 9*c = -l. Is c prime?
True
Suppose 12465 = 6*f + 3*f. Let l = 2435 - f. Let m = 1593 - l. Is m a prime 